f 2822820?
True
Is 8434048 a multiple of 160?
False
Is 78948618 a multiple of 6?
True
Is 32 a factor of 6070944?
True
Is 48 a factor of 36173520?
True
Is 26 a factor of 3115418681?
False
Is 325989606 a multiple of 10086?
True
Is 3093 a factor of 357418072?
False
Is 258604040 a multiple of 2832?
False
Is 11875814 a multiple of 68?
False
Does 17 divide 21333414?
False
Does 2385 divide 69413040?
True
Does 223 divide 103396146?
False
Is 38855185 a multiple of 270?
False
Is 8 a factor of 60752416?
True
Is 1862036 a multiple of 23?
False
Does 138 divide 40883433?
False
Is 2468007360 a multiple of 60?
True
Is 1305002732 a multiple of 11?
True
Is 1515604417 a multiple of 55?
False
Does 1228 divide 772147980?
True
Is 3910170 a multiple of 102?
True
Is 755004982 a multiple of 818?
False
Does 451 divide 30138453?
False
Is 211 a factor of 2717414712?
False
Is 1745348297 a multiple of 7?
True
Does 30 divide 264311460?
True
Is 36877401 a multiple of 1972?
False
Is 11814820 a multiple of 33?
False
Is 107 a factor of 2533876611?
False
Is 944027027 a multiple of 144?
False
Is 704114332 a multiple of 11?
False
Is 416049425 a multiple of 11?
True
Does 712 divide 5188344?
True
Is 1191427230 a multiple of 86?
True
Is 12 a factor of 494548344?
True
Does 12 divide 17003940?
True
Is 576 a factor of 10371933?
False
Is 9888404 a multiple of 14?
False
Is 32830630 a multiple of 41?
False
Does 9 divide 317608434?
True
Does 904 divide 188994309?
False
Is 11 a factor of 20787712?
True
Does 439 divide 2722419783?
False
Is 37289068 a multiple of 9?
False
Does 9 divide 49956821?
False
Is 24239181 a multiple of 378?
False
Is 4 a factor of 152422148?
True
Is 9987073 a multiple of 2?
False
Does 26 divide 19992016?
False
Does 41 divide 194390264?
False
Is 224 a factor of 118506592?
False
Is 4586484152 a multiple of 361?
False
Is 1408 a factor of 232862670?
False
Is 31 a factor of 287289431?
True
Does 1418 divide 19977560?
False
Is 2139040 a multiple of 5?
True
Is 271 a factor of 4526596931?
False
Is 4 a factor of 96178858?
False
Is 219191370 a multiple of 510?
True
Is 1433 a factor of 5775504?
False
Is 2 a factor of 9137458?
True
Is 11 a factor of 329480765?
False
Is 519995875 a multiple of 2108?
False
Does 66 divide 22473656?
False
Does 7 divide 277771291?
True
Is 46072134 a multiple of 113?
True
Is 246712039 a multiple of 3339?
False
Is 302 a factor of 563046988?
True
Is 189500121 a multiple of 312?
False
Is 1209 a factor of 50938797?
True
Does 40 divide 3727976?
False
Is 730 a factor of 112926620?
True
Is 901 a factor of 35500301?
True
Does 55 divide 35474945?
True
Does 139 divide 3237241?
False
Is 3 a factor of 443719495?
False
Is 74 a factor of 380722732?
False
Does 14 divide 4081280?
True
Is 14770552 a multiple of 1139?
True
Is 245 a factor of 2678945113?
False
Does 108 divide 91591560?
True
Does 13 divide 13812586?
False
Is 1871561 a multiple of 176?
False
Does 206 divide 1417712188?
True
Is 5 a factor of 1942675430?
True
Is 529 a factor of 11607635?
False
Is 15269682 even?
True
Does 31 divide 378331750?
True
Is 1756645506 a multiple of 5467?
True
Is 34 a factor of 445127?
False
Is 315 a factor of 447300?
True
Is 13256 a factor of 1326047129?
False
Does 154 divide 11993625?
False
Is 18037005 a multiple of 39?
False
Is 89886420 a multiple of 2140?
True
Is 514160969 a multiple of 1232?
False
Is 99698175 a multiple of 18?
False
Is 770467938 a multiple of 3057?
True
Is 114758435 a multiple of 1705?
True
Is 245 a factor of 1585649824?
False
Is 2 a factor of 104060647?
False
Does 713 divide 4748466633?
True
Does 8964 divide 313148376?
True
Is 110369132 a multiple of 2947?
False
Does 25 divide 2474860950?
True
Is 83 a factor of 73602989?
True
Is 1925095925 a multiple of 498?
False
Is 77998803 a multiple of 54?
False
Is 7 a factor of 12181988?
True
Does 1764 divide 1643782557?
False
Is 7167254 even?
True
Is 183671790 a multiple of 201?
True
Is 90445007 a multiple of 513?
False
Is 230 a factor of 43092332?
False
Is 6274983 a multiple of 658?
False
Does 44 divide 2288539352?
True
Is 29469330 a multiple of 330?
True
Does 5 divide 66607235?
True
Is 171023975 a multiple of 23?
True
Is 39300100 a multiple of 46?
True
Does 17 divide 33844821?
False
Does 36 divide 206484732?
True
Does 4205 divide 23939065?
True
Is 271 a factor of 115980653?
False
Is 394 a factor of 318456746?
False
Does 12 divide 88228920?
True
Is 158129113 even?
False
Does 27 divide 78721767?
True
Does 121 divide 8777480?
False
Is 15891414 a multiple of 354?
True
Does 5 divide 715579020?
True
Is 53 a factor of 80633511?
True
Does 14 divide 1252319292?
True
Does 25 divide 329785700?
True
Does 15 divide 3135031500?
True
Is 1051 a factor of 207172046?
False
Does 263 divide 325913338?
False
Is 275043808 a multiple of 1808?
True
Does 1418 divide 513833145?
False
Is 104 a factor of 291362344?
True
Is 551 a factor of 48808682?
True
Does 24 divide 4659408?
True
Is 8 a factor of 202086328?
True
Is 7 a factor of 1251731414?
False
Is 539548995 a multiple of 1103?
True
Does 1763 divide 95287619?
False
Is 230 a factor of 340948130?
False
Is 575234244 a multiple of 351?
True
Does 61 divide 19736622?
False
Does 10 divide 4580953330?
True
Is 211896262 a multiple of 576?
False
Is 394687994 a multiple of 24?
False
Is 155 a factor of 197449230?
True
Is 4704 a factor of 658569408?
True
Is 2 a factor of 1274558?
True
Is 23995512 a multiple of 20?
False
Does 21 divide 27987897?
True
Does 6 divide 96628298?
False
Does 124 divide 177953020?
True
Is 49 a factor of 49751349?
False
Is 1357 a factor of 419254137?
False
Does 593 divide 415384047?
True
Does 806 divide 4208569?
False
Is 208682565 a multiple of 35?
True
Is 4487042584 a multiple of 1748?
True
Is 12426821 even?
False
Is 62406 a multiple of 3?
True
Is 6593 a factor of 3064070664?
False
Is 190 a factor of 210809560?
True
Is 575 a factor of 15358825?
True
Is 1612 a factor of 15073124?
False
Is 732 a factor of 20558952?
True
Is 475 a factor of 11926263?
False
Is 20 a factor of 21026540?
True
Is 206178962 a multiple of 11?
True
Is 142268362 a multiple of 1922?
True
Is 26 a factor of 378236170?
True
Does 5 divide 439579?
False
Is 256 a factor of 70850560?
True
Is 15407852 a multiple of 4?
True
Is 12 a factor of 21463519?
False
Is 1907815184 a multiple of 233?
True
Is 5841 a factor of 871921116?
True
Is 428 a factor of 2104210496?
False
Does 15 divide 340099147?
False
Is 735553475 a multiple of 4455?
False
Is 238 a factor of 11648248?
False
Does 613 divide 654208925?
True
Is 173 a factor of 70095747?
False
Is 338904237 a multiple of 249?
False
Is 2969232322 a multiple of 7027?
False
Is 750304202 a multiple of 151?
True
Is 1352 a factor of 1291945512?
True
Is 87 a factor of 35219253?
True
Is 18031506 a multiple of 74?
True
Is 112403053 a multiple of 59?
False
Is 19 a factor of 39974157?
True
Is 23 a factor of 92805?
True
Is 27 a factor of 31766755?
False
Does 758 divide 116300678?
False
Does 29 divide 8025101?
False
Does 133 divide 87899861?
False
Is 29300670 a multiple of 4190?
True
Is 227904979 a multiple of 1530?
False
Does 3936 divide 779934144?
True
Is 2 a factor of 5128125?
False
Is 2542448 a multiple of 2?
True
Does 466 divide 786594952?
True
Is 193968017 a multiple of 19?
True
Is 544152 a multiple of 553?
True
Is 122718060 a multiple of 15?
True
Is 70 a factor of 153723640?
True
Does 10 divide 125402848?
False
Is 578663232 a multiple of 96?
True
Is 17 a factor of 23568519?
False
Is 54215455 a multiple of 665?
True
Does 39 divide 550026243?
True
Is 3 a factor of 7419998?
False
Does 283 divide 96563479?
False
Does 116 divide 867007896?
True
Is 676526268 a multiple of 22?
True
Is 220 a factor of 2411948880?
True
Is 1824 a factor of 18564672?
True
Does 16 divide 119899900?
False
Is 466 a factor of 3237300052?
False
Does 35 divide 3405977260?
True
Is 484987120 a multiple of 19?
False
Does 25 divide 344002628?
False
Is 116454 a multiple of 4479?
True
Is 12 a factor of 188191988?
False
Does 12 divide 405247051?
False
Does 196 divide 78155876?
False
Is 344 a factor of 59556376?
True
Is 6 a factor of 4910710?
False
Is 55965440 a multiple of 320?
True
Is 4794699 a multiple of 169?
True
Is 16 a factor of 27921255?
False
Does 86 divide 14327342?
True
Is 71 a factor of 158086399?
True
Is 14133617